 3a67a59 + 12?
3a67a6b
In base 8, what is 441755 + 632?
442607
In base 9, what is -141842831 - -6?
-141842824
In base 11, what is 0 + 217174a7?
217174a7
In base 13, what is -16 - 566858?
-566871
In base 4, what is -20 + -302222123302?
-302222123322
In base 2, what is 10000 - 1110000110001001000?
-1110000110000111000
In base 5, what is 103100343 - 223?
103100120
In base 11, what is -8898 + 605?
-8293
In base 12, what is 5 + -12429a?
-124295
In base 6, what is -403142 - -43335?
-315403
In base 15, what is -2693e82 + 1?
-2693e81
In base 12, what is 10 + 59b69b6?
59b6a06
In base 9, what is 1 - -217834435?
217834436
In base 8, what is 155233 + -435?
154576
In base 2, what is -111101 + -11011010101111101000101?
-11011010101111110000010
In base 4, what is -120 - -310222121?
310222001
In base 12, what is 60 - 76499?
-76439
In base 13, what is -890c283 + -5?
-890c288
In base 7, what is 20 - 251040645?
-251040625
In base 8, what is 1231 - -5357502?
5360733
In base 12, what is 53466995 - 0?
53466995
In base 7, what is 204226140 - 3?
204226134
In base 14, what is -4 + -9625ca0?
-9625ca4
In base 9, what is -1 + -1065716?
-1065717
In base 16, what is 15f343 + -18?
15f32b
In base 16, what is -688a2 + -1b0?
-68a52
In base 4, what is 1032200221 + 11001?
1032211222
In base 6, what is -4 - -130321420?
130321412
In base 9, what is 15872 - -16270?
33252
In base 10, what is -27 + -707642?
-707669
In base 12, what is 11 + 1b5367?
1b5378
In base 12, what is -3abb9ab9 + 1?
-3abb9ab8
In base 6, what is 3242 + 25541411?
25545053
In base 6, what is 5 + 23015125221?
23015125230
In base 14, what is -4 + -118430?
-118434
In base 10, what is -594829 - 132?
-594961
In base 15, what is -5 - -21d4b3a?
21d4b35
In base 16, what is -3e259 + 1?
-3e258
In base 6, what is 10220 - 5054240?
-5044020
In base 10, what is 122629 + 177?
122806
In base 8, what is -7131 + -6565?
-15716
In base 15, what is -8 + 7cdc195?
7cdc18c
In base 6, what is -1 - -21211420?
21211415
In base 2, what is 10011001011000001 - -10001001?
10011001101001010
In base 7, what is -63142 + 11165?
-51644
In base 7, what is 102034 + -4?
102030
In base 12, what is -1942722 - 17?
-1942739
In base 6, what is -545 + 515312?
514323
In base 15, what is -12e - -286d8?
285a9
In base 2, what is 1 + 100001101111111111110?
100001101111111111111
In base 7, what is -2446 + 2344032?
2341253
In base 7, what is 2150323 + 16?
2150342
In base 5, what is 432401 - -1120132?
2103033
In base 8, what is -574 - 626215?
-627011
In base 16, what is e - -72b489?
72b497
In base 5, what is -304 - -30114033?
30113224
In base 5, what is 4 + 11433033111?
11433033120
In base 2, what is 10000110111001110010 + -11110001?
10000110110110000001
In base 8, what is -5 + -166315250?
-166315255
In base 11, what is -127 - 24014a?
-240276
In base 8, what is -17272 - 67451?
-106743
In base 11, what is -5 + 2974392?
2974388
In base 4, what is 3 - 120222210030?
-120222210021
In base 7, what is 1 + 600142641?
600142642
In base 8, what is -15506 + -123715?
-141423
In base 2, what is -1110101011101011111101001011 - -101?
-1110101011101011111101000110
In base 5, what is 11311413332 - 3?
11311413324
In base 12, what is -93 + 1019527?
1019454
In base 4, what is -1121202 + 3300?
-1111302
In base 9, what is -178 - 241576?
-241765
In base 6, what is -52123542 - 202?
-52124144
In base 3, what is 2122102011202 + 1?
2122102011210
In base 7, what is -1034421 - 3?
-1034424
In base 14, what is -18 + -40468?
-40482
In base 6, what is 245 - 25503551?
-25503302
In base 10, what is 6499 - -1023?
7522
In base 5, what is 24 + -12431303?
-12431224
In base 11, what is 18744 + -13697?
5058
In base 15, what is -aa9b4d - 4?
-aa9b52
In base 5, what is -1 - -204414440?
204414434
In base 2, what is 1100001010 - -111110111010010?
1000000011011100
In base 15, what is -3 - 8c925?
-8c928
In base 2, what is -101011001011100111011001 - -111010?
-101011001011100110011111
In base 7, what is 665 - -1003145?
1004143
In base 14, what is 3 + 1d9b940d?
1d9b9412
In base 15, what is -333 + 45a1?
426d
In base 8, what is 13503 - 165407?
-151704
In base 13, what is 224 + 78a37?
78c5b
In base 15, what is -267 - 8483b?
-84aa3
In base 15, what is -13b8cd + 9?
-13b8c4
In base 12, what is 20064 + -2052b?
-487
In base 12, what is b868 + 322?
bb8a
In base 14, what is 112caa70 - 1?
112caa6d
In base 15, what is -75110 + -46?
-75156
In base 3, what is -1110011 + 1000020202?
221210121
In base 15, what is 4 + -501eab?
-501ea7
In base 14, what is -2dd437 + 1c?
-2dd419
In base 9, what is 24 + 56177884?
56178018
In base 11, what is 3aa5887 - -3?
3aa588a
In base 5, what is 2 + 10002120414?
10002120421
In base 10, what is 0 - 1794086?
-1794086
In base 15, what is -27 - -328ce6?
328cbe
In base 7, what is 156 + 4213051?
4213240
In base 8, what is -1 + 40501176?
40501175
In base 6, what is -24213330 - 222?
-24213552
In base 6, what is 2510 - -544041?
550551
In base 15, what is -2b333b + -25?
-2b3361
In base 15, what is 295e5c + 190?
2960ec
In base 12, what is -43 - -2b2b7?
2b274
In base 9, what is -3 - -1115488?
1115485
In base 13, what is -38 + -38695?
-38700
In base 13, what is a8 + 754?
82c
In base 11, what is -23497572 + 5?
-23497568
In base 13, what is 3 - -168c9956?
168c9959
In base 13, what is aa702060 + -5?
aa702058
In base 11, what is 608 + -43051?
-42544
In base 7, what is -41 - 6130644?
-6131015
In base 7, what is -450131 - 610?
-451041
In base 6, what is -31522152320 + 2?
-31522152314
In base 9, what is 756547 - -54?
756612
In base 16, what is 15 + 1be253f?
1be2554
In base 8, what is -3761 + 311706?
305725
In base 3, what is 2002000200 - -1102211?
2010110111
In base 15, what is 19c5 - eb60?
-d18a
In base 2, what is 1010010100101000111 - -10010010?
1010010100111011001
In base 8, what is -132 + -2703033?
-2703165
In base 9, what is 11105 - 132782?
-121676
In base 11, what is -17 + 24160a?
2415a3
In base 4, what is -2010312323 - -320?
-2010312003
In base 14, what is -1cd97 - -75a?
-1c63b
In base 4, what is 3 - 33002010101133?
-33002010101130
In base 6, what is -24245 + 1541531?
1513242
In base 8, what is -45716 - 31703?
-77621
In base 2, what is -1110 - -10010110011001000?
10010110010111010
In base 10, what is -272 - -194331?
194059
In base 11, what is -5 - 81510165?
-8151016a
In base 10, what is 941237 - -5?
941242
In base 7, what is -121 + -1306051?
-1306202
In base 14, what is 52 - b8b81?
-b8b2d
In base 11, what is 24 + 3aaa33?
3aaa57
In base 7, what is -1 - -232614243?
232614242
In base 11, what is 134919a1 - 5?
13491997
In base 12, what is 67123436 + 1?
67123437
In base 11, what is 13668 - -254?
13911
In base 2, what is -101001010000 + -1100100000?
-110101110000
In base 9, what is 5 + -10551076?
-10551071
In base 13, what is -5 - 400ba77?
-400ba7c
In base 3, what is -12 - -12111001122020?
12111001122001
In base 14, what is 1312dddc + 2?
13130000
In base 15, what is -1 + -91e5039?
-91e503a
In base 8, what is 60 + -316101?
-316021
In base 11, what is 14 - 1545959?
-1545945
In base 4, what is 1031112 - 330322?
100130
In base 13, what is -2c - 28a053?
-28a082
In base 14, what is 745b60d + 0?
745b60d
In base 16, what is 2a - -446b?
4495
In base 2, what is -1100010111010111101100 + 100?
-1100010111010111101000
In base 16, what is -13e - -e695?
e557
In base 9, what is -13 - -622661?
622647
In base 10, what is -590511 - 149?
-590660
In base 11, what is 940 - -75472?
76302
In base 4, what is -1230 + -2222031203?
-2222033033
In base 11, what is 3a + -5a745a?
-5a7420
In base 11, what is 674a07 + -9?
6749a9
In base 7, what is -1 - 2660306?
-2660310
In base 3, what is -11121221 + -102002?
-12001000
In base 3, what is 0 + -100012011122122?
-100012011122122
In base 15, what is 1 + 124eba?
124ebb
In base 8, what is 2455 + -74277?
-71622
In base 3, what is -10211020 + -101121120202?
-101202101222
In base 13, what is 1 + -1216c57?
-1216c56
In base 12, what is -82a5 + 87?
-821a
In base 2, what is 10011111010010101100010011001 - 10?
10011111010010101100010010111
In base 2, what is -100001011101101011101 + -101?
-100001011101101100010
In base 7, what is -34 - -53646314?
53646250
In base 11, what is 88797a - 655?
887325
In base 6, what is -2044 + -1325335?
-1331423
In base 6, what is -3230140 + -1222?
-3231402
In base 9, what is 4060